 What is the remainder when 101 is divided by t?
11
Let q(h) = -2*h**2 + 72*h - 17. Let v be 21/2*(4 + (-32)/24). Calculate the remainder when q(v) is divided by 16.
15
Suppose -34 = -0*r - 2*r. Calculate the remainder when -6*110/(-12) - 6/1 is divided by r.
15
Suppose 0 = 2*k + 5*h + 115, -3*k - h = -2*k + 65. Let w = k - -73. What is the remainder when 20 is divided by w?
2
Let n(d) = d. Let o(x) = -1. Let j(b) = n(b) + o(b). Let u = 52 + -21. Calculate the remainder when u is divided by j(12).
9
Let u(p) = p**3 - 4*p**2 + 6*p + 14. What is the remainder when 2849 is divided by u(3)?
20
Suppose -158*c + 51009 + 46477 = 0. Calculate the remainder when c is divided by 59.
27
Suppose -3*u - 28 + 163 = 0. Suppose -4*w - 49 = 5*y, 5*w = -4*y + y - u. What is the remainder when 44 is divided by (0 - w) + (-3 - -5)*1?
4
Let t = 13998 + -13988. What is the remainder when 588 is divided by t?
8
Let t(y) = y**3 + 8*y + 8 - 5 + 8*y**2 + y. Suppose 0 = 4*s - 3*s - 51. Calculate the remainder when s is divided by t(-2).
6
Suppose -w = 3*w - t - 875, 4*w - 4*t - 860 = 0. Suppose 4*i - w = -i. Suppose 0 = -9*h + 37 + i. Calculate the remainder when 34 is divided by h.
7
Let x = -7542 + 8152. What is the remainder when x is divided by 9?
7
Let f = 806 - -231. Calculate the remainder when f is divided by 52.
49
Let w(o) = -3*o**2 - 52*o + 62. Let m be w(-16). Let i = m - 93. Suppose -35 = -5*a + 55. What is the remainder when i is divided by a?
15
Suppose 0 = 3*g + 4*x - 17, 2*x + x - 25 = -4*g. Let c be 662/14 + 2/(-7). Let p = -27 + c. Calculate the remainder when p is divided by g.
6
Calculate the remainder when (-27081)/(-21) + 20/(-70)*6/(-4) is divided by 19.
17
Suppose 0 = 4*m + 3*g - 729, -m + 3*g + 0*g + 186 = 0. Let c = -44416 + 44425. Calculate the remainder when m is divided by c.
3
Suppose 50*s + 573 - 3681 = 6942. Calculate the remainder when 833 is divided by s.
29
Suppose 13*k - 33 = 67 + 108. What is the remainder when (-22 + 0)*5/(-2) is divided by k?
7
What is the remainder when (56/20 - 1)*5 is divided by (2 - (12 + -9)) + (-35)/(-5)?
3
Let g = 188 + -105. Suppose 46*h - 45*h + 4*d + 70 = 0, -4*d = 4. Let a = g + h. What is the remainder when 100 is divided by a?
15
Suppose 4 = -z - 0*z. Let f = 23 - 10. What is the remainder when f is divided by (36/10)/(12/40) + z?
5
Let n be (-220)/25*-5 + -5. Suppose 6*h + n = 219. Calculate the remainder when h is divided by 17.
13
Suppose u - 168 = -2*u. Let r = 81746 - 81731. What is the remainder when u is divided by r?
11
What is the remainder when 319 is divided by (11/(-2) - ((-27)/18 + 1)) + 28?
20
Let c be -3*((-6)/24)/(3/20). Suppose 5*g - 270 = -4*l, -4*g - c*l + 141 = -84. Calculate the remainder when g is divided by 17.
16
What is the remainder when 179 is divided by ((-154)/(-55))/(3 + 452/(-160))?
3
Let l be 2*(-21)/(168/(-16)). Let k(a) = -a**2 - 7*a - 3. Let q be k(-5). Suppose -q*x + 123 = -l*x. Calculate the remainder when 121 is divided by x.
39
Calculate the remainder when 97 is divided by (108/(-21))/(4740/(-1264)*4/70).
1
Suppose 2*m - 7*r + 5*r - 226 = 0, -7 = -r. Calculate the remainder when 1799 is divided by m.
119
Suppose -r + 12 = 14. Let l(q) = -10*q - 4. Let v = 25 - -37. What is the remainder when v is divided by l(r)?
14
What is the remainder when 472 is divided by -1*(-2)/6*(76 + -19)?
16
Let s = -295 - -288. Let b(f) = f**3 + 7*f**2 + 2*f + 17. Calculate the remainder when 68 is divided by b(s).
2
Let l(y) = y**2 + y - 10. Let t be (-1 - 3/(-4)) + (-19)/4. Calculate the remainder when l(t) is divided by 8.
2
Suppose -8*f - 4*v = -3*f - 127, -17 = -f - 5*v. Suppose f - 63 = -2*p. What is the remainder when 213 is divided by p?
15
Suppose -4*t - 4*b - 916 + 2972 = 0, -2053 = -4*t - b. What is the remainder when t is divided by 77?
51
Let g be -1 - (8 + 132/(-3)). Calculate the remainder when 59 + (-5)/((-25)/g) is divided by 18.
12
Suppose 0 = -4*l + 3*b - 44, -4*b - 14 - 2 = 0. What is the remainder when (8/l)/(98/(-16121)) is divided by 24?
22
Let x = -1455 - -1463. Calculate the remainder when 597 is divided by x.
5
Suppose -539229 = 225*l - 989250 - 760254. Calculate the remainder when l is divided by 13.
10
Let o be (-20)/(-15)*990/20. Suppose i = -3*i - 200. Let n = i + o. Calculate the remainder when 78 is divided by n.
14
Let b(x) = 3*x + 197. Let u = -15 + -17. What is the remainder when 2/(-3)*(u + -1) is divided by b(-63)?
6
Suppose -a + 9 = -5*c, 2*a + 4*c = -a + 103. Let v(r) = -4*r**2 + 13*r + 19. Let z be v(-2). Let t = a + z. What is the remainder when 23 is divided by t?
5
Let l = -524 - -528. Let s = -2 - -5. Suppose x = s*x - l. Calculate the remainder when 3 is divided by x.
1
Let x(j) = 4*j**2 + 6*j - 19. Let l be 9083/(-62) - 2/4. Let n = 153 + l. Calculate the remainder when x(n) is divided by 27.
26
Let d = 27060 - 26711. Calculate the remainder when 1779 is divided by d.
34
Calculate the remainder when 7 + (0 - (4 - 8)/((-18)/(-1305))) is divided by 31.
18
Suppose 2*t - 2*r - 54 = 0, -t + 4*r = -3*t + 42. Suppose -4*w + 36 = -u + 2*u, 12 = 3*w - 3*u. What is the remainder when w/6*(17 - -37) is divided by t?
22
Suppose 0 = -0*f - f + 112. Suppose -25*j + 29*j + 4*m - f = 0, -j + m + 22 = 0. Calculate the remainder when 349 is divided by j.
24
Let h(i) = i**2 - 43*i - 104. Let p be h(46). Suppose -45*c = -p*c - 869. What is the remainder when c is divided by 19?
3
Suppose 12*j = 19 + 17. What is the remainder when j/((-36)/(-104)) + (-1)/(-3) is divided by 1?
0
Suppose -9*t = 6*t - 75. Suppose -34 = -5*l + 6*f - 4*f, t*l + 2*f - 46 = 0. What is the remainder when 67 is divided by l?
3
Let u(q) = q**3 + 6*q**2 - 20*q + 55. Let p = -238 + 130. Calculate the remainder when u(3) is divided by (p/(-20))/(1/5).
22
Suppose 0 = -2*n + 4*d - 28, -d = 4*n + 39 - 1. Let x(s) = s**3 - 4*s**2 + 6*s + 12. Calculate the remainder when x(5) is divided by ((-72)/(-10))/((-4)/n).
13
Let t(i) = -3*i**2 + 112*i + 91. Calculate the remainder when 10367 is divided by t(37).
127
Let d = 84 - 72. Let b = d + 0. Calculate the remainder when (-4)/4 + -1 - -22 is divided by b.
8
Suppose -3*j = -3*r - 4905, -1651 = -j + 72*r - 75*r. What is the remainder when j is divided by 125?
14
Suppose 0 = -5*r + 233 + 427. Suppose -4*p + 56 = -r. Suppose -2*s - s + 48 = 0. Calculate the remainder when p is divided by s.
15
Let c = 73 - 68. Suppose -25 = -c*x - 0. Suppose 21 = -4*j - 3*b + 81, -j - x*b = -15. Calculate the remainder when 70 is divided by j.
10
Let j(n) = -3*n**3 - 3*n**2 + 7*n + 7. Let z be j(-2). Suppose s + 15 = 4*s. What is the remainder when z*(-2)/(-10) - -11 is divided by s?
2
Suppose -26 = -z + 2*z. Suppose -3*s - 5*m = -117 + 7, -2*s = -2*m - 100. Let p = s + z. What is the remainder when p is divided by 5?
4
Suppose 0 = -4*g, r + 2*g = 11 + 27. Suppose -t + 616 = -3*t + 2*y, t - 4*y + 323 = 0. Calculate the remainder when r is divided by t/(-27) + 2/(-9).
5
Let x be (-8 - -4) + (3 - -3 - -39). Suppose -t + 2*j = -31, -131 = -5*t + 45*j - x*j. Let b = 25 + -12. Calculate the remainder when t is divided by b.
10
Let k(a) = 9*a**2 + 113*a + 34. Calculate the remainder when 931 is divided by k(-13).
71
Let y(g) = 363*g - 4597. What is the remainder when 3655 is divided by y(13)?
117
What is the remainder when ((-64)/(-8) - 11) + 936 is divided by 72?
69
Let b = -9409 - -9495. Suppose 2*x = -p + 60, 5*x + 0*p - 147 = -p. Calculate the remainder when b is divided by x.
28
Let g = -27 - -62. Let w(u) = u**2 - 13*u - 1760. Calculate the remainder when g is divided by w(-36).
3
Let z(b) = 7*b**2 + 8*b + 4. Suppose -4*p - 2*n - 14 = 0, 2*p - 4*n + 1 = -1. Let w be z(p). Let m = -38 + w. What is the remainder when 28 is divided by m?
3
Suppose 2*c + 3 = 15. Let j = -12 + c. Calculate the remainder when (207/27)/((-8)/j + -1) is divided by 6.
5
Let j(f) = 11*f**2 + 100*f + 1. Calculate the remainder when j(7) is divided by 23.
21
Let i(z) = -120*z + 14. Let w be i(2). Calculate the remainder when (-6215)/w + 3/2 is divided by 18.
11
Suppose 0 = 3*f - 5*o + 95, -f + 6*o - 3*o = 29. Let d = 56 + f. Calculate the remainder when d is divided by 86/14 + (-4)/(-13) + (-1189)/2639.
3
Let d(a) be the first derivative of -14 - 1/2*a**2 + 17*a. Calculate the remainder when 3